alculate the greatest common factor of 30849 and 1197.
21
What is the greatest common divisor of 5170 and 1430?
110
Calculate the highest common divisor of 15972 and 5208.
12
What is the greatest common factor of 529 and 3634?
23
What is the highest common factor of 630540 and 9?
9
Calculate the greatest common divisor of 18528 and 33888.
96
What is the highest common factor of 702 and 10647?
117
Calculate the highest common factor of 209 and 120403.
19
What is the greatest common factor of 91 and 2947?
7
Calculate the highest common divisor of 176130 and 152.
38
What is the greatest common divisor of 159920 and 720?
80
Calculate the highest common factor of 145185 and 15.
15
Calculate the highest common factor of 56 and 104118.
14
What is the greatest common divisor of 231 and 577878?
21
Calculate the highest common divisor of 54 and 26124.
6
Calculate the greatest common divisor of 374 and 1876732.
374
What is the highest common divisor of 33170 and 2945?
155
Calculate the greatest common factor of 67 and 215874.
67
Calculate the highest common factor of 16 and 1526696.
8
What is the greatest common factor of 20007 and 2457?
351
What is the greatest common divisor of 6221336 and 121?
121
Calculate the greatest common divisor of 80591 and 4263.
203
Calculate the greatest common factor of 61 and 268.
1
Calculate the highest common factor of 11 and 39833.
1
Calculate the greatest common factor of 545 and 15696.
109
What is the greatest common factor of 5733 and 12789?
441
What is the greatest common divisor of 737889 and 3?
3
Calculate the highest common divisor of 147609 and 210.
21
What is the greatest common factor of 234 and 42354?
234
Calculate the greatest common divisor of 98 and 122941.
49
What is the highest common divisor of 3 and 12576?
3
What is the highest common factor of 358435 and 4235?
385
Calculate the greatest common divisor of 5356 and 6500.
52
What is the highest common factor of 19314 and 16650?
666
Calculate the greatest common factor of 222 and 66267.
111
What is the greatest common divisor of 713 and 4309?
31
Calculate the highest common divisor of 1326 and 8262.
102
What is the highest common divisor of 247800 and 200?
200
What is the greatest common factor of 726 and 106194?
66
Calculate the greatest common divisor of 36246 and 168.
42
What is the highest common divisor of 62739 and 27?
9
What is the highest common factor of 11269 and 764?
191
Calculate the greatest common divisor of 13880 and 1024.
8
Calculate the greatest common divisor of 58 and 257027.
29
What is the highest common factor of 5204 and 436?
4
What is the greatest common divisor of 117 and 13536?
9
Calculate the greatest common divisor of 301900 and 325.
25
What is the greatest common factor of 3679 and 9056?
283
Calculate the highest common divisor of 4089 and 2.
1
Calculate the highest common factor of 559616 and 832.
64
What is the greatest common divisor of 41860 and 3956?
92
Calculate the greatest common factor of 345644 and 544.
68
Calculate the highest common factor of 146 and 846070.
146
What is the highest common factor of 1537 and 742?
53
Calculate the greatest common divisor of 11988 and 60.
12
Calculate the highest common factor of 1339 and 2987.
103
Calculate the greatest common divisor of 2483 and 9763.
13
What is the greatest common factor of 89552 and 493?
29
What is the greatest common factor of 45123 and 9126?
507
Calculate the highest common divisor of 4491 and 441.
9
Calculate the greatest common divisor of 3552 and 2016.
96
What is the greatest common factor of 32 and 483872?
32
What is the greatest common factor of 247 and 361?
19
What is the highest common divisor of 798 and 173586?
42
What is the greatest common divisor of 493896 and 216?
24
Calculate the highest common factor of 4522 and 26467.
133
Calculate the highest common factor of 141 and 146499.
141
What is the highest common factor of 93824 and 6016?
128
What is the highest common factor of 53 and 8025366?
53
What is the greatest common divisor of 170 and 6310?
10
What is the greatest common factor of 21952 and 140336?
784
What is the highest common factor of 40664 and 16133?
221
Calculate the highest common factor of 345254 and 77.
7
What is the highest common divisor of 137690 and 1470?
490
Calculate the greatest common divisor of 44352 and 204.
12
What is the greatest common divisor of 210 and 29858010?
210
Calculate the greatest common divisor of 3720 and 1467075.
465
Calculate the greatest common divisor of 288 and 318.
6
What is the greatest common divisor of 236645 and 47?
47
Calculate the greatest common factor of 18 and 3474.
18
Calculate the highest common divisor of 1327767 and 42.
21
Calculate the greatest common divisor of 2167 and 591.
197
Calculate the greatest common factor of 6375168 and 64.
64
What is the greatest common factor of 2461 and 98975?
107
Calculate the highest common divisor of 116 and 6594397.
29
Calculate the greatest common factor of 4098893 and 1556.
389
What is the highest common factor of 203112 and 1085?
217
Calculate the highest common divisor of 29 and 78938.
29
What is the greatest common factor of 1555317 and 549?
549
What is the greatest common divisor of 138331 and 817?
43
Calculate the highest common factor of 28250 and 561610.
1130
What is the highest common divisor of 32103 and 82?
41
Calculate the greatest common divisor of 2401 and 3185.
49
What is the greatest common factor of 587315 and 707?
101
What is the highest common divisor of 109224 and 41?
41
Calculate the greatest common divisor of 9672176 and 139.
139
What is the greatest common factor of 60655 and 70?
35
What is the greatest common factor of 77 and 183139?
11
Calculate the highest common divisor of 2412 and 51992.
268
Calculate the highest common factor of 85 and 244596.
17
Calculate the highest common factor of 2062945 and 20.
5
What is the greatest common divisor of 549 and 12749?
61
What is the greatest common divisor of 95742 and 62646?
1182
Calculate the greatest common factor of 137508 and 28.
28
Calculate the highest common divisor of 36695 and 615.
205
Calculate the highest common divisor of 495 and 43340.
55
What is the greatest common divisor of 999 and 299404?
37
Calculate the highest common factor of 1963 and 598.
13
Calculate the highest common factor of 55354 and 52.
26
What is the greatest common factor of 9 and 23571?
9
Calculate the highest common divisor of 245 and 23324.
49
What is the greatest common divisor of 32 and 59216?
16
Calculate the greatest common divisor of 22336 and 112.
16
Calculate the highest common divisor of 731238 and 306.
102
Calculate the highest common factor of 115 and 76475.
115
Calculate the greatest common divisor of 3658 and 9827.
31
Calculate the greatest common factor of 20 and 50.
10
What is the greatest common divisor of 213818 and 110?
22
What is the greatest common divisor of 3828 and 18444?
348
What is the greatest common factor of 190 and 299630?
190
Calculate the greatest common factor of 147410 and 10.
10
Calculate the highest common divisor of 435 and 24099.
87
What is the greatest common factor of 1405123 and 446?
223
Calculate the greatest common divisor of 43 and 2179.
1
What is the highest common divisor of 168 and 159180?
84
Calculate the highest common factor of 94479 and 9.
3
What is the highest common divisor of 30002 and 14?
14
Calculate the highest common divisor of 6804 and 28.
28
Calculate the greatest common factor of 64698 and 5166.
246
Calculate the highest common divisor of 2508 and 111948.
228
What is the highest common factor of 69 and 6325?
23
Calculate the greatest common factor of 16371 and 1989.
153
What is the greatest common divisor of 275745 and 465?
465
What is the highest common factor of 12950 and 2027600?
1850
Calculate the highest common factor of 1638 and 62322.
78
Calculate the greatest common divisor of 53792 and 32.
32
Calculate the highest common factor of 32 and 125112.
8
Calculate the greatest common factor of 877824 and 54.
54
What is the greatest common divisor of 102016 and 40?
8
What is the greatest common factor of 3807 and 1458?
81
Calculate the greatest common factor of 476 and 1485596.
476
What is the greatest common factor of 787155 and 15?
15
Calculat